{"id":517,"date":"2023-02-13T20:50:43","date_gmt":"2023-02-13T19:50:43","guid":{"rendered":"http:\/\/www.smartriver.uz.zgora.pl\/?page_id=517"},"modified":"2023-03-30T13:17:05","modified_gmt":"2023-03-30T11:17:05","slug":"der-zweite-deutsch-polnischer-workshop","status":"publish","type":"page","link":"http:\/\/www.smartriver.uz.zgora.pl\/?page_id=517&lang=de","title":{"rendered":"Der zweite Deutsch &#8211; Polnischer Workshop"},"content":{"rendered":"\r\n<figure class=\"wp-block-image size-large\"><img loading=\"lazy\" width=\"1024\" height=\"222\" class=\"wp-image-144\" src=\"http:\/\/www.smartriver.uz.zgora.pl\/wp-content\/uploads\/2021\/01\/intereg-1024x222.png\" alt=\"\" srcset=\"http:\/\/www.smartriver.uz.zgora.pl\/wp-content\/uploads\/2021\/01\/intereg-1024x222.png 1024w, http:\/\/www.smartriver.uz.zgora.pl\/wp-content\/uploads\/2021\/01\/intereg-300x65.png 300w, http:\/\/www.smartriver.uz.zgora.pl\/wp-content\/uploads\/2021\/01\/intereg-768x167.png 768w, http:\/\/www.smartriver.uz.zgora.pl\/wp-content\/uploads\/2021\/01\/intereg.png 1042w\" sizes=\"(max-width: 1024px) 100vw, 1024px\" \/><\/figure>\r\n\r\n\r\n\r\n<h1>Der zweite Deutsch &#8211; Polnischer Workshop<\/h1>\r\n\r\n\r\n\r\n<p>Wir m\u00f6chten Sie dar\u00fcber informieren, dass am 22. M\u00e4rz 2023 von 10:00 bis 15:00 Uhr der zweite Workshop &#8220;SmartRiver \u2013 Intelligentes Odergebiet: Konzept eines \u00dcberwachungssystems f\u00fcr Umweltparameter&#8221; stattfindet. Der Workshop wird vom IHP \u2013 Leibniz-Institut f\u00fcr innovative Mikroelektronik aus Frankfurt (Oder) und der Universit\u00e4t Zielona Gora (UZ) organisiert &#8211; Vertragspartner des Projektes &#8220;SmartRiver: Intelligentes Odergebiet \/SmartRiver: Inteligentne Nadodrze&#8221;, das im Rahmen des KOOPERATIONSPROGRAMS INTERREG VA BRANDENBURG &#8211; POLAND 2014 &#8211; 2020 (BB-PL INTERREG VA 2014- 2020) durchgef\u00fchrt wird. Das Projekt wird zwischen 2019 und 2023 umgesetzt.<\/p>\r\n\r\n\r\n\r\n<p>Ort und Form<\/p>\r\n\r\n\r\n\r\n<p>Der Workshop findet in der Universit\u00e4t von Zielona G\u00f3ra statt. Die Teilnehmer k\u00f6nnen station\u00e4r (in den R\u00e4umlichkeiten des UZ) an dem Workshop teilnehmen. Es besteht auch die M\u00f6glichkeit, remote teilzunehmen. Die Konferenz wird in deutscher und polnischer Sprache mit Simultan\u00fcbersetzung durchgef\u00fchrt.<\/p>\r\n\r\n\r\n\r\n<p>Broschure &#8211; <a href=\"http:\/\/www.smartriver.uz.zgora.pl\/wp-content\/uploads\/2023\/02\/smartRiver_broschure2.pdf\">link<\/a><\/p>\r\n\r\n\r\n\r\n\r\n\r\n<p>Programm &#8211; <a href=\"http:\/\/www.smartriver.uz.zgora.pl\/?page_id=584\" data-type=\"page\" data-id=\"584\">link<\/a><\/p>\r\n<style id=\"bwg-style-0\">    #bwg_container1_0 #bwg_container2_0 .bwg-container-0.bwg-standard-thumbnails {      width: 1254px;              justify-content: center;        margin:0 auto !important;              background-color: rgba(255, 255, 255, 0.00);            padding-left: 4px;      padding-top: 4px;      max-width: 100%;            }        #bwg_container1_0 #bwg_container2_0 .bwg-container-0.bwg-standard-thumbnails .bwg-item {    justify-content: flex-start;      max-width: 250px;          }    #bwg_container1_0 #bwg_container2_0 .bwg-container-0.bwg-standard-thumbnails .bwg-item a {       margin-right: 4px;       margin-bottom: 4px;    }    #bwg_container1_0 #bwg_container2_0 .bwg-container-0.bwg-standard-thumbnails .bwg-item0 {      padding: 0px;            background-color:rgba(0,0,0, 0.30);      border: 0px none #CCCCCC;      opacity: 1.00;      border-radius: 0;      box-shadow: ;    }    #bwg_container1_0 #bwg_container2_0 .bwg-container-0.bwg-standard-thumbnails .bwg-item1 img {      max-height: none;      max-width: none;      padding: 0 !important;    }         @media only screen and (min-width: 480px) {\t\t#bwg_container1_0 #bwg_container2_0 .bwg-container-0.bwg-standard-thumbnails .bwg-item1 img {\t\t\t-webkit-transition: all .3s; transition: all .3s;\t\t}\t\t#bwg_container1_0 #bwg_container2_0 .bwg-container-0.bwg-standard-thumbnails .bwg-item1 img:hover {\t\t\t-ms-transform: scale(1.08);\t\t\t-webkit-transform: scale(1.08);\t\t\ttransform: scale(1.08);\t\t}\t\t\t\t.bwg-standard-thumbnails .bwg-zoom-effect .bwg-zoom-effect-overlay {\t\t\t\t\t\tbackground-color:rgba(0,0,0, 0.3);\t\t}\t\t.bwg-standard-thumbnails .bwg-zoom-effect:hover img {\t\t\t-ms-transform: scale(1.08);\t\t\t-webkit-transform: scale(1.08);\t\t\ttransform: scale(1.08);\t\t}\t\t      }\t    #bwg_container1_0 #bwg_container2_0 .bwg-container-0.bwg-standard-thumbnails .bwg-item1 {      padding-top: 56%;    }        #bwg_container1_0 #bwg_container2_0 .bwg-container-0.bwg-standard-thumbnails .bwg-title1 {      position: absolute;      top: 0;      z-index: 100;      width: 100%;      height: 100%;      display: flex;      justify-content: center;      align-content: center;      flex-direction: column;      opacity: 0;    }\t      #bwg_container1_0 #bwg_container2_0 .bwg-container-0.bwg-standard-thumbnails .bwg-title2,    #bwg_container1_0 #bwg_container2_0 .bwg-container-0.bwg-standard-thumbnails .bwg-ecommerce2 {      color: #FFFFFF;      font-family: Ubuntu;      font-size: 16px;      font-weight: bold;      padding: 2px;      text-shadow: ;      max-height: 100%;    }    #bwg_container1_0 #bwg_container2_0 .bwg-container-0.bwg-standard-thumbnails .bwg-thumb-description span {    color: #323A45;    font-family: Ubuntu;    font-size: 12px;    max-height: 100%;    word-wrap: break-word;    }    #bwg_container1_0 #bwg_container2_0 .bwg-container-0.bwg-standard-thumbnails .bwg-play-icon2 {      font-size: 32px;    }    #bwg_container1_0 #bwg_container2_0 .bwg-container-0.bwg-standard-thumbnails .bwg-ecommerce2 {      font-size: 19.2px;      color: #323A45;    }    <\/style>    <div id=\"bwg_container1_0\"         class=\"bwg_container bwg_thumbnail bwg_thumbnails \"         data-right-click-protection=\"0\"         data-bwg=\"0\"         data-scroll=\"0\"         data-gallery-type=\"thumbnails\"         data-gallery-view-type=\"thumbnails\"         data-current-url=\"\/index.php?rest_route=%2Fwp%2Fv2%2Fpages%2F517\"         data-lightbox-url=\"http:\/\/www.smartriver.uz.zgora.pl\/wp-admin\/admin-ajax.php?action=GalleryBox&#038;current_view=0&#038;gallery_id=1&#038;tag=0&#038;theme_id=1&#038;shortcode_id=3&#038;sort_by=order&#038;order_by=asc&#038;current_url=%2Findex.php%3Frest_route%3D%252Fwp%252Fv2%252Fpages%252F517\"         data-gallery-id=\"1\"         data-popup-width=\"800\"         data-popup-height=\"500\"         data-is-album=\"gallery\"         data-buttons-position=\"bottom\">      <div id=\"bwg_container2_0\">             <div id=\"ajax_loading_0\" class=\"bwg_loading_div_1\">      <div class=\"bwg_loading_div_2\">        <div class=\"bwg_loading_div_3\">          <div id=\"loading_div_0\" class=\"bwg_spider_ajax_loading\">          <\/div>        <\/div>      <\/div>    <\/div>            <form id=\"gal_front_form_0\"              class=\"bwg-hidden\"              method=\"post\"              action=\"#\"              data-current=\"0\"              data-shortcode-id=\"3\"              data-gallery-type=\"thumbnails\"              data-gallery-id=\"1\"              data-tag=\"0\"              data-album-id=\"0\"              data-theme-id=\"1\"              data-ajax-url=\"http:\/\/www.smartriver.uz.zgora.pl\/wp-admin\/admin-ajax.php?action=bwg_frontend_data\">          <div id=\"bwg_container3_0\" class=\"bwg-background bwg-background-0\">                <div data-max-count=\"5\"         data-thumbnail-width=\"250\"         data-bwg=\"0\"         data-gallery-id=\"1\"         data-lightbox-url=\"http:\/\/www.smartriver.uz.zgora.pl\/wp-admin\/admin-ajax.php?action=GalleryBox&amp;current_view=0&amp;gallery_id=1&amp;tag=0&amp;theme_id=1&amp;shortcode_id=3&amp;sort_by=order&amp;order_by=asc&amp;current_url=%2Findex.php%3Frest_route%3D%252Fwp%252Fv2%252Fpages%252F517\"         id=\"bwg_thumbnails_0\"         class=\"bwg-container-0 bwg-thumbnails bwg-standard-thumbnails bwg-container bwg-border-box\">            <div class=\"bwg-item\">        <a class=\"bwg-a  bwg_lightbox\"  data-image-id=\"8\" href=\"http:\/\/www.smartriver.uz.zgora.pl\/wp-content\/uploads\/photo-gallery\/imported_from_media_libray\/20230322_100221-rotated.jpg?bwg=1680006369\" data-elementor-open-lightbox=\"no\">                <div class=\"bwg-item0 \">          <div class=\"bwg-item1 bwg-zoom-effect\">            <div class=\"bwg-item2\">              <img class=\"skip-lazy bwg_standart_thumb_img_0 \"                   data-id=\"8\"                   data-width=\"500.00\"                   data-height=\"281.00\"                   data-src=\"http:\/\/www.smartriver.uz.zgora.pl\/wp-content\/uploads\/photo-gallery\/imported_from_media_libray\/thumb\/20230322_100221-rotated.jpg?bwg=1680006369\"                   src=\"http:\/\/www.smartriver.uz.zgora.pl\/wp-content\/uploads\/photo-gallery\/imported_from_media_libray\/thumb\/20230322_100221-rotated.jpg?bwg=1680006369\"                   alt=\"\"                   title=\"\" \/>            <\/div>            <div class=\"bwg-zoom-effect-overlay\">              <div class=\"bwg-title1\"><div class=\"bwg-title2\">&nbsp;<\/div><\/div>                                        <\/div>          <\/div>        <\/div>                        <\/a>              <\/div>            <div class=\"bwg-item\">        <a class=\"bwg-a  bwg_lightbox\"  data-image-id=\"7\" href=\"http:\/\/www.smartriver.uz.zgora.pl\/wp-content\/uploads\/photo-gallery\/imported_from_media_libray\/20230322_103259-rotated.jpg?bwg=1679917985\" data-elementor-open-lightbox=\"no\">                <div class=\"bwg-item0 \">          <div class=\"bwg-item1 bwg-zoom-effect\">            <div class=\"bwg-item2\">              <img class=\"skip-lazy bwg_standart_thumb_img_0 \"                   data-id=\"7\"                   data-width=\"500.00\"                   data-height=\"281.00\"                   data-src=\"http:\/\/www.smartriver.uz.zgora.pl\/wp-content\/uploads\/photo-gallery\/imported_from_media_libray\/thumb\/20230322_103259-rotated.jpg?bwg=1679917985\"                   src=\"http:\/\/www.smartriver.uz.zgora.pl\/wp-content\/uploads\/photo-gallery\/imported_from_media_libray\/thumb\/20230322_103259-rotated.jpg?bwg=1679917985\"                   alt=\"\"                   title=\"\" \/>            <\/div>            <div class=\"bwg-zoom-effect-overlay\">              <div class=\"bwg-title1\"><div class=\"bwg-title2\">&nbsp;<\/div><\/div>                                        <\/div>          <\/div>        <\/div>                        <\/a>              <\/div>            <div class=\"bwg-item\">        <a class=\"bwg-a  bwg_lightbox\"  data-image-id=\"6\" href=\"http:\/\/www.smartriver.uz.zgora.pl\/wp-content\/uploads\/photo-gallery\/imported_from_media_libray\/20230322_120533-rotated.jpg?bwg=1679917936\" data-elementor-open-lightbox=\"no\">                <div class=\"bwg-item0 \">          <div class=\"bwg-item1 bwg-zoom-effect\">            <div class=\"bwg-item2\">              <img class=\"skip-lazy bwg_standart_thumb_img_0 \"                   data-id=\"6\"                   data-width=\"500.00\"                   data-height=\"281.00\"                   data-src=\"http:\/\/www.smartriver.uz.zgora.pl\/wp-content\/uploads\/photo-gallery\/imported_from_media_libray\/thumb\/20230322_120533-rotated.jpg?bwg=1679917936\"                   src=\"http:\/\/www.smartriver.uz.zgora.pl\/wp-content\/uploads\/photo-gallery\/imported_from_media_libray\/thumb\/20230322_120533-rotated.jpg?bwg=1679917936\"                   alt=\"\"                   title=\"\" \/>            <\/div>            <div class=\"bwg-zoom-effect-overlay\">              <div class=\"bwg-title1\"><div class=\"bwg-title2\">&nbsp;<\/div><\/div>                                        <\/div>          <\/div>        <\/div>                        <\/a>              <\/div>            <div class=\"bwg-item\">        <a class=\"bwg-a  bwg_lightbox\"  data-image-id=\"5\" href=\"http:\/\/www.smartriver.uz.zgora.pl\/wp-content\/uploads\/photo-gallery\/imported_from_media_libray\/20230322_123323-rotated.jpg?bwg=1679917936\" data-elementor-open-lightbox=\"no\">                <div class=\"bwg-item0 \">          <div class=\"bwg-item1 bwg-zoom-effect\">            <div class=\"bwg-item2\">              <img class=\"skip-lazy bwg_standart_thumb_img_0 \"                   data-id=\"5\"                   data-width=\"500.00\"                   data-height=\"281.00\"                   data-src=\"http:\/\/www.smartriver.uz.zgora.pl\/wp-content\/uploads\/photo-gallery\/imported_from_media_libray\/thumb\/20230322_123323-rotated.jpg?bwg=1679917936\"                   src=\"http:\/\/www.smartriver.uz.zgora.pl\/wp-content\/uploads\/photo-gallery\/imported_from_media_libray\/thumb\/20230322_123323-rotated.jpg?bwg=1679917936\"                   alt=\"\"                   title=\"\" \/>            <\/div>            <div class=\"bwg-zoom-effect-overlay\">              <div class=\"bwg-title1\"><div class=\"bwg-title2\">&nbsp;<\/div><\/div>                                        <\/div>          <\/div>        <\/div>                        <\/a>              <\/div>            <div class=\"bwg-item\">        <a class=\"bwg-a  bwg_lightbox\"  data-image-id=\"4\" href=\"http:\/\/www.smartriver.uz.zgora.pl\/wp-content\/uploads\/photo-gallery\/imported_from_media_libray\/20230322_101455-rotated.jpg?bwg=1679917936\" data-elementor-open-lightbox=\"no\">                <div class=\"bwg-item0 \">          <div class=\"bwg-item1 bwg-zoom-effect\">            <div class=\"bwg-item2\">              <img class=\"skip-lazy bwg_standart_thumb_img_0 \"                   data-id=\"4\"                   data-width=\"500.00\"                   data-height=\"281.00\"                   data-src=\"http:\/\/www.smartriver.uz.zgora.pl\/wp-content\/uploads\/photo-gallery\/imported_from_media_libray\/thumb\/20230322_101455-rotated.jpg?bwg=1679917936\"                   src=\"http:\/\/www.smartriver.uz.zgora.pl\/wp-content\/uploads\/photo-gallery\/imported_from_media_libray\/thumb\/20230322_101455-rotated.jpg?bwg=1679917936\"                   alt=\"\"                   title=\"\" \/>            <\/div>            <div class=\"bwg-zoom-effect-overlay\">              <div class=\"bwg-title1\"><div class=\"bwg-title2\">&nbsp;<\/div><\/div>                                        <\/div>          <\/div>        <\/div>                        <\/a>              <\/div>            <div class=\"bwg-item\">        <a class=\"bwg-a  bwg_lightbox\"  data-image-id=\"3\" href=\"http:\/\/www.smartriver.uz.zgora.pl\/wp-content\/uploads\/photo-gallery\/imported_from_media_libray\/20230322_105852-rotated.jpg?bwg=1679917936\" data-elementor-open-lightbox=\"no\">                <div class=\"bwg-item0 \">          <div class=\"bwg-item1 bwg-zoom-effect\">            <div class=\"bwg-item2\">              <img class=\"skip-lazy bwg_standart_thumb_img_0 \"                   data-id=\"3\"                   data-width=\"500.00\"                   data-height=\"281.00\"                   data-src=\"http:\/\/www.smartriver.uz.zgora.pl\/wp-content\/uploads\/photo-gallery\/imported_from_media_libray\/thumb\/20230322_105852-rotated.jpg?bwg=1679917936\"                   src=\"http:\/\/www.smartriver.uz.zgora.pl\/wp-content\/uploads\/photo-gallery\/imported_from_media_libray\/thumb\/20230322_105852-rotated.jpg?bwg=1679917936\"                   alt=\"\"                   title=\"\" \/>            <\/div>            <div class=\"bwg-zoom-effect-overlay\">              <div class=\"bwg-title1\"><div class=\"bwg-title2\">&nbsp;<\/div><\/div>                                        <\/div>          <\/div>        <\/div>                        <\/a>              <\/div>          <\/div>    <style>      \/*pagination styles*\/      #bwg_container1_0 #bwg_container2_0 .tablenav-pages_0 {\t\t\t\ttext-align: center;\t\t\t\tfont-size: 12px;\t\t\t\tfont-family: Ubuntu;\t\t\t\tfont-weight: bold;\t\t\t\tcolor: #666666;\t\t\t\tmargin: 6px 0 4px;\t\t\t\tdisplay: block;      }      @media only screen and (max-width : 320px) {      #bwg_container1_0 #bwg_container2_0 .displaying-num_0 {     \t display: none;      }      }      #bwg_container1_0 #bwg_container2_0 .displaying-num_0 {\t\t\t\tfont-size: 12px;\t\t\t\tfont-family: Ubuntu;\t\t\t\tfont-weight: bold;\t\t\t\tcolor: #666666;\t\t\t\tmargin-right: 10px;\t\t\t\tvertical-align: middle;      }      #bwg_container1_0 #bwg_container2_0 .paging-input_0 {\t\t\t\tfont-size: 12px;\t\t\t\tfont-family: Ubuntu;\t\t\t\tfont-weight: bold;\t\t\t\tcolor: #666666;\t\t\t\tvertical-align: middle;      }      #bwg_container1_0 #bwg_container2_0 .tablenav-pages_0 a.disabled,      #bwg_container1_0 #bwg_container2_0 .tablenav-pages_0 a.disabled:hover,      #bwg_container1_0 #bwg_container2_0 .tablenav-pages_0 a.disabled:focus,\t\t\t#bwg_container1_0 #bwg_container2_0 .tablenav-pages_0 input.bwg_current_page {\t\t\t\tcursor: default;\t\t\t\tcolor: rgba(102, 102, 102, 0.5);      }      #bwg_container1_0 #bwg_container2_0 .tablenav-pages_0 a,      #bwg_container1_0 #bwg_container2_0 .tablenav-pages_0 input.bwg_current_page {\t\t\t\tcursor: pointer;\t\t\t\ttext-align: center;\t\t\t\tfont-size: 12px;\t\t\t\tfont-family: Ubuntu;\t\t\t\tfont-weight: bold;\t\t\t\tcolor: #666666;\t\t\t\ttext-decoration: none;\t\t\t\tpadding: 3px 6px;\t\t\t\tmargin: 0;\t\t\t\tborder-radius: 0;\t\t\t\tborder-style: solid;\t\t\t\tborder-width: 1px;\t\t\t\tborder-color: #E3E3E3;\t\t\t\t\t\t\t\tbackground-color: rgba(255, 255, 255, 1.00);\t\t\t\tbox-shadow: 0;\t\t\t\ttransition: all 0.3s ease 0s;-webkit-transition: all 0.3s ease 0s;      }      <\/style>      <span class=\"bwg_nav_cont_0\">              <div class=\"tablenav-pages_0\">                  <\/div>                <input type=\"hidden\" id=\"page_number_0\" name=\"page_number_0\" value=\"1\" \/>      <script type=\"text\/javascript\">        if( jQuery('.bwg_nav_cont_0').length > 1 ) {          jQuery('.bwg_nav_cont_0').first().remove()        }        function spider_page_0(cur, x, y, load_more) {          if (typeof load_more == \"undefined\") {            var load_more = false;          }          if (jQuery(cur).hasClass('disabled')) {            return false;          }          var items_county_0 = 1;          switch (y) {            case 1:              if (x >= items_county_0) {                document.getElementById('page_number_0').value = items_county_0;              }              else {                document.getElementById('page_number_0').value = x + 1;              }              break;            case 2:              document.getElementById('page_number_0').value = items_county_0;              break;            case -1:              if (x == 1) {                document.getElementById('page_number_0').value = 1;              }              else {                document.getElementById('page_number_0').value = x - 1;              }              break;            case -2:              document.getElementById('page_number_0').value = 1;              break;\t\t\t\t\t\tcase 0:              document.getElementById('page_number_0').value = x;              break;            default:              document.getElementById('page_number_0').value = 1;          }          bwg_ajax('gal_front_form_0', '0', 'bwg_thumbnails_0', '0', '', 'gallery', 0, '', '', load_more, '', 1);        }                    jQuery('.first-page-0').on('click', function () {              spider_page_0(this, 1, -2, 'numeric');              return false;            });            jQuery('.prev-page-0').on('click', function () {              spider_page_0(this, 1, -1, 'numeric');              return false;            });            jQuery('.next-page-0').on('click', function () {              spider_page_0(this, 1, 1, 'numeric');              return false;            });            jQuery('.last-page-0').on('click', function () {              spider_page_0(this, 1, 2, 'numeric');              return false;            });        \t\t\t\t\/* Change page on input enter. *\/        function bwg_change_page_0( e, that ) {          if (  e.key == 'Enter' ) {            var to_page = parseInt(jQuery(that).val());            var pages_count = jQuery(that).parents(\".pagination-links\").data(\"pages-count\");            var current_url_param = jQuery(that).attr('data-url-info');            if (to_page > pages_count) {              to_page = 1;            }\t \t\t\t\t\t\t\t\t\t\t\t\tspider_page_0(this, to_page, 0, 'numeric');\t\t\t\t\t\t\treturn false;\t\t\t\t\t\t          }          return true;        }        jQuery('.bwg_load_btn_0').on('click', function () {            spider_page_0(this, 1, 1, true);            return false;        });      <\/script>      <\/span>                <\/div>        <\/form>        <style>          #bwg_container1_0 #bwg_container2_0 #spider_popup_overlay_0 {          background-color: #EEEEEE;          opacity: 0.60;          }          <\/style>        <div id=\"bwg_spider_popup_loading_0\" class=\"bwg_spider_popup_loading\"><\/div>        <div id=\"spider_popup_overlay_0\" class=\"spider_popup_overlay\" onclick=\"spider_destroypopup(1000)\"><\/div>        <input type=\"hidden\" id=\"bwg_random_seed_0\" value=\"1177513418\">                <\/div>    <\/div>    <script>      if (document.readyState === 'complete') {        if( typeof bwg_main_ready == 'function' ) {          if ( jQuery(\"#bwg_container1_0\").height() ) {            bwg_main_ready(jQuery(\"#bwg_container1_0\"));          }        }      } else {        document.addEventListener('DOMContentLoaded', function() {          if( typeof bwg_main_ready == 'function' ) {            if ( jQuery(\"#bwg_container1_0\").height() ) {             bwg_main_ready(jQuery(\"#bwg_container1_0\"));            }          }        });      }    <\/script>    \r\n<p>Pr\u00e4sentationen:<\/p>\r\n<ul>\r\n<li>Willkommen\u2013 <a href=\"http:\/\/www.smartriver.uz.zgora.pl\/wp-content\/uploads\/2023\/03\/0.pdf\" data-type=\"attachment\" data-id=\"667\">link<\/a><\/li>\r\n<\/ul>\r\n<ul>\r\n<li>Entstehung und Konzept des Projekts \u2013 <a href=\"http:\/\/www.smartriver.uz.zgora.pl\/wp-content\/uploads\/2023\/03\/1a.pdf\" data-type=\"attachment\" data-id=\"660\">link<\/a>,\u00a0<a href=\"http:\/\/www.smartriver.uz.zgora.pl\/wp-content\/uploads\/2023\/03\/1b.pdf\" data-type=\"attachment\" data-id=\"661\">link<\/a><\/li>\r\n<\/ul>\r\n<ul>\r\n<li>Hydrogeologischer Aspekt des Projekts \u2013 <a href=\"http:\/\/www.smartriver.uz.zgora.pl\/wp-content\/uploads\/2023\/03\/2.pdf\">link<\/a><\/li>\r\n<\/ul>\r\n<ul>\r\n<li>Messknoten &#8211; Parameter und Stromversorgung \u2013 <a href=\"http:\/\/www.smartriver.uz.zgora.pl\/wp-content\/uploads\/2023\/03\/3.pdf\">link<\/a><\/li>\r\n<\/ul>\r\n<ul>\r\n<li>Drahtloses Sensornetzwerk \u2013 <a href=\"http:\/\/www.smartriver.uz.zgora.pl\/wp-content\/uploads\/2023\/03\/4.pdf\">link<\/a><\/li>\r\n<\/ul>\r\n<ul>\r\n<li>Datenerhebung und -weitergabe \u2013 <a href=\"http:\/\/www.smartriver.uz.zgora.pl\/wp-content\/uploads\/2023\/03\/5.pdf\">link<\/a><\/li>\r\n<\/ul>\r\n<ul>\r\n<li>Anwendungsbeispiele \u2013 <a href=\"http:\/\/www.smartriver.uz.zgora.pl\/wp-content\/uploads\/2023\/03\/6.pdf\" data-type=\"attachment\" data-id=\"666\">link<\/a><\/li>\r\n<\/ul>\r\n","protected":false},"excerpt":{"rendered":"<p>Der zweite Deutsch &#8211; Polnischer Workshop Wir m\u00f6chten Sie dar\u00fcber informieren, dass am 22. M\u00e4rz 2023 von 10:00 bis 15:00 Uhr der zweite Workshop &#8220;SmartRiver \u2013 Intelligentes Odergebiet: Konzept eines \u00dcberwachungssystems f\u00fcr Umweltparameter&#8221; stattfindet. Der Workshop wird vom IHP \u2013 Leibniz-Institut f\u00fcr innovative Mikroelektronik aus Frankfurt (Oder) und der Universit\u00e4t Zielona Gora (UZ) organisiert &#8211; &hellip; <a href=\"http:\/\/www.smartriver.uz.zgora.pl\/?page_id=517&#038;lang=de\" class=\"more-link\">Czytaj dalej <span class=\"screen-reader-text\">Der zweite Deutsch &#8211; Polnischer Workshop<\/span><\/a><\/p>\n","protected":false},"author":2,"featured_media":0,"parent":0,"menu_order":0,"comment_status":"closed","ping_status":"closed","template":"","meta":[],"_links":{"self":[{"href":"http:\/\/www.smartriver.uz.zgora.pl\/index.php?rest_route=\/wp\/v2\/pages\/517"}],"collection":[{"href":"http:\/\/www.smartriver.uz.zgora.pl\/index.php?rest_route=\/wp\/v2\/pages"}],"about":[{"href":"http:\/\/www.smartriver.uz.zgora.pl\/index.php?rest_route=\/wp\/v2\/types\/page"}],"author":[{"embeddable":true,"href":"http:\/\/www.smartriver.uz.zgora.pl\/index.php?rest_route=\/wp\/v2\/users\/2"}],"replies":[{"embeddable":true,"href":"http:\/\/www.smartriver.uz.zgora.pl\/index.php?rest_route=%2Fwp%2Fv2%2Fcomments&post=517"}],"version-history":[{"count":12,"href":"http:\/\/www.smartriver.uz.zgora.pl\/index.php?rest_route=\/wp\/v2\/pages\/517\/revisions"}],"predecessor-version":[{"id":681,"href":"http:\/\/www.smartriver.uz.zgora.pl\/index.php?rest_route=\/wp\/v2\/pages\/517\/revisions\/681"}],"wp:attachment":[{"href":"http:\/\/www.smartriver.uz.zgora.pl\/index.php?rest_route=%2Fwp%2Fv2%2Fmedia&parent=517"}],"curies":[{"name":"wp","href":"https:\/\/api.w.org\/{rel}","templated":true}]}}